 0)?
-2
What is 0 + (21 - 42) + 68?
47
Evaluate 2 + -11 - -13 - (-496 + 383).
117
Evaluate (10 - 3) + 6 - (15 - (18 - 17)).
-1
18 + -1 - (-427 - -408) - 13
23
What is the value of 273 + -229 + -44 + -1?
-1
What is (-6 - 4 - -34) + -10 - (1 - 88)?
101
Evaluate -43 + 51 + (0 + -15 - 9).
-16
What is the value of -33 - (37 + -77 + 28)?
-21
What is (-5 - -2 - -13) + (126 - 122)?
14
What is the value of -4 + -2 + -3 + 40 + -41 - (-38 + -3)?
31
Calculate 1 - (-2 - -117) - ((-92 - -73) + 80 - 54).
-121
What is the value of 24 - (2 + 10 + -22 - (-48 - 14))?
-28
What is (12 - (37 - 7)) + -3 - -13?
-8
(-3209 - -3213) + 0 + (-4 - -2) + 23
25
(-36 - -62 - 66) + (-1 - 18 - 3)
-62
Calculate -1 + -24 + (1 + 25 - 12).
-11
Evaluate 6 + (9 - (-5 - -10)) + (-3 - -5) + 11.
23
Evaluate (5 - (3 + 13)) + -3 + (6 - -34).
26
What is the value of 46 + -48 + -82 - -119?
35
Evaluate -130 - (-93 - (74 + 70)).
107
What is the value of 232 + -152 + 159 + -132?
107
Evaluate -2 - (14 + -1) - (-85 + 65 + -49).
54
Calculate 103 - (59 + -122) - 86.
80
-38 - (-21 + (20 - 37))
0
Evaluate (9 - -1 - 33) + -80 + 67.
-36
Evaluate (0 - -1 - -7) + -1 - (-62 + (60 - -58)).
-49
Calculate 29 + -89 - (-114 - -62).
-8
What is -137 + 130 + (-43 - 9)?
-59
Calculate (33 - (47 + -75)) + (-13 - (5 + -3)).
46
Evaluate 42 - (63 + -33 + 25).
-13
What is (-10 + 10 - (2 - (13 - -10))) + 2?
23
What is the value of -3 + 114 - (-51 + -34 - -55)?
141
Evaluate 20 - (-1 + -2 + -3 - 8) - -13.
47
(-7 + 15 - (19 - (-1 + 3)) - -60) + -7
44
What is the value of 22 - (47 + -38 - 8)?
21
What is the value of -43 - -45 - (527 + -399)?
-126
Calculate (-81 - 82) + 91 - -60.
-12
What is the value of (128 - 138 - (0 + -15)) + 36?
41
What is the value of 68 - (129 - 48) - 22?
-35
What is the value of -54 + 33 + 16 + -19 + 2?
-22
What is -14 - (15 + -134 + 25) - 11?
69
Calculate 2 - (4 - 1) - ((-763 - -879) + (-1 - -20)).
-136
Evaluate (109 - (44 + -33)) + -57.
41
Calculate (-15 - 6) + -21 + 74 + -1.
31
What is the value of (42 - (-83 - -45)) + 4?
84
What is the value of (59 + (9 - 8) - ((-2 - 6) + 14)) + -4?
50
Calculate 7 - (-7 - -25) - (-41 - (-1 - -2)).
31
Evaluate 42 + -68 - 23 - -7.
-42
What is 6 + (-4 - (-36 + 11) - 8) + 7?
26
-40 - (40 + (-50 - (-23 - -6)))
-47
(4 + -9 + 25 - (44 - 34)) + 23
33
What is (-1 + (2 - -1) + 43 + -38 - 11) + 0?
-4
What is 18 - (-16 + -39 + 86)?
-13
(-21 - 1) + 76 + -133 + 72 + -35 + 1
-41
-4 + -10 + -19 + 53 - (0 - 12)
32
Calculate (186 - (230 + -114)) + 24 + 2.
96
Evaluate 139 + -170 + -3 + (2 - 4) + 4.
-32
What is (22 - -8) + 88 + 40 + -74?
84
What is the value of (-14 - (2 + -10) - 5) + (-213 - -131)?
-93
What is the value of -26 - ((-1 + 8 - (-4 - 3)) + 1 - 11)?
-30
What is -11 + 6 + -6 - -68 - (-3 + 1 + -3)?
62
2 + -1 + (11 - (-22 + -5 + 0 + 24))
15
Calculate (37 - (71 + -166)) + -93.
39
What is the value of 13 + -1 - (5 - 5) - (-155 + 291 + -113)?
-11
Evaluate -75 + -8 + -14 + 15 + -2 - (1 - -13).
-98
Calculate 1 + 6 - (-8 - ((-15 - 1) + -6 + 5)).
-2
4 - (-14 - (17 - 7) - -14)
14
What is the value of -52 + 72 + -31 - (-8 - (3 - 1))?
-1
Calculate (-3 - -21) + 9 + -33 + (-2 - (0 + -3)).
-5
Calculate 93 + -110 - (-3 - -8) - (-6 + 0).
-16
Calculate 23 - (-27 - -64) - ((-1 - (-1 + 1)) + -94).
81
What is -9 + -13 + ((-1 - -9) + -10 - 8)?
-32
What is 27517 + -27400 - (103 + 0)?
14
Calculate -11 + (24 - (18 + (4 - -18))).
-27
Calculate (-60 - -79) + (14 - 78).
-45
Calculate (-50 - 34 - -84) + -59.
-59
Calculate (2 - -68) + 41 + (-14 - 43).
54
10 + (-2 - (11 - (-2 + 9)))
4
Evaluate 42 - ((2 - -14) + -22 + 2) - -13.
59
Evaluate (29 + -103 - -60) + 9.
-5
Calculate 9 + -26 - -5 - (-11 - -10 - 12).
1
(1 - -24 - 12 - 13) + -35 + 9
-26
Evaluate 1 + (4 - (3 - -14)) + (-445 - -426).
-31
Calculate (17 - 12) + -22 - (-11 + 18).
-24
Evaluate -15 + (-8 - -6) + (-6 - (-6 - -2)).
-19
What is the value of (-11 - (120 - 72)) + 6 + 1 + -2 + 0?
-54
What is 7 + -15 + -4 + 5 + 16 + 0?
9
What is the value of -8 - (-10 + 17 + -9 + -1 + 1)?
-6
Evaluate 171 + -13 + -12 + (2 + -1 - 0).
147
-1 + 3 - (-71 - (-5 + (3 - (12 - 4))))
63
What is the value of (-5 - (-3 + 3) - (-25 - -4)) + (-1566 - -1618)?
68
Calculate -37 + (-14 - (8 + -64)) + -21.
-16
What is the value of 5 + (-27 - -20) + 84 - 26?
56
(7 - (4 - -8)) + ((1 - -1) + -11 - 33)
-47
Evaluate -51 + 121 + -62 - (1 + (-1 - 25)).
33
Evaluate 6 + 37 + (-2382 - -2433).
94
What is the value of 43 - 73 - -12 - (-4 + 8)?
-22
Calculate (-14 - (23 + -49)) + -27 - -53.
38
Evaluate 2 + 23 + -8 + -3 + 2 + -62.
-46
What is the value of 2 + 3 - 23 - -2 - 22?
-38
What is -30 - (-88 - 33 - (-2 - 38))?
51
What is the value of (-6 - 61) + -20 - -202?
115
Evaluate (-38 - -27) + (-9 - -10) - 24.
-34
Calculate -55 + (-9 + 20 - -12) - (0 + 3).
-35
-19 + 17 + 7 - -49
54
What is 42 + -40 + 18 + (-1 - (-7 - -14))?
12
Calculate 0 + 8 + (-34 - (17 + -34)) - (-73 - -7).
57
Evaluate 4 - 0 - (-11 - -48 - -19) - (-30 - -29).
-51
9 - 7 - 38 - -51 - 99
-84
Evaluate 105 - (-68 - -126 - 43).
90
Calculate (17 - -1) + 4 + 3 + -161 + 183.
47
Calculate 35 - (-37 - -10) - 11.
51
What is the value of 6935 - 7100 - (-103 - -1)?
-63
What is the value of (1714 - 1630) + (3 - 17)?
70
What is the value of -19 - -62 - (-10 - 2) - -6?
61
-13 - -41 - 67 - -31
-8
What is the value of 151 + -98 - (-3 + (-5 - (-5 - 6)))?
50
What is the value of 1 + 9 + 26 + 2?
38
What is -9 + (9 - 31) + 77 + 41?
87
13 - (36 - (3 + 45))
25
Evaluate -6 + (13 + -27 - -90).
70
What is -160 + 224 - (93 - 17)?
-12
Evaluate 16 + -2 + -2 + (-3 - 1) - 45.
-37
What is the value of (-241 + 262 - (-2 - -8)) + 4?
19
Calculate 8 - (14 + -13 + -1 + 2 + 188 + -171).
-11
Evaluate (70 + -53 - -10) + -25.
2
49 - (-8 - -44) - ((-120 - 1) + -1 - -2)
133
What is the value of (-180 - -91 - -30) + 22?
-37
What is the value of (0 - 12) + -6 + (13 - -65)?
60
What is (1029 - 1102) + 26 + 5?
-42
59 + -73 + 28 + -8
6
What is the value of -14607 + 14590 + 50 + -2 + 3?
34
Calculate -36 + 3 - (-111 + 57 - -57).
-36
What is -13 - 1 - 31 - -27 - (-1 + (0 - 0))?
-17
Evaluate 79 + (-51 + 45 - (-81 + 59 - (0 - 8))).
87
What is (27 - 17) + -32 + -2 + -8?
-32
3 + 0 + -9 + -4 + -10 - 7
-27
-13 + (4 - 13) - -27 - (-1 + 55)
-49
Calculate -14 - (3 - (-1 + -6 - 13 - -11)).
-26
Calculate -56 + (44 - 86) - (10 - 4).
-104
18 + (-1 - -10) + 168 + -179
16
What is -9 + (4 - 2) + 12 + -7 + -4 - -55?
49
Evaluate (9 - 9) + (2 - 34) + 17 + (-13 - 0).
-28
What is the value of 52 + ((-126 - -93) + 10 + 22 - (7 + 0))?
44
(25 - (26 + 12)) + 30 + -4 + (2 - 2)
13
(51 - 8) + (-178 - -171)
36
What is -1 + -37 - (-90 - (157 + -230))?
-21
Calculate 2 + 24 + 24 + -24 + -37.
-11
(3 + -44 - -36 - (-22 - 1)) + 73
91
Calculate (6 + -6 + -3 - (54 - 155)) + -1.
97
What is 26 + 16 + -7 + -17 + 10 + -4?
24
67 + -15 + -19 - 29
4
648 + -647 + (-3 - (-5 - (-1 + -2)))
0
What is (0 + (14 - -3) - (-59 - -68) - 14) + -5?
-11
Calculate (-5 - (3 - (-3 - -6 - 3))) + -10 + 18.
0
What is 227 + -134 - 100 - (-16 + 0)?
9
Calculate -1 + 68 + -16872 + 16840.
35
What is 127 - (85 + -86 - -116)?
12
What is -30 + -1 + -3 - (-12 + 31 + -8 + -3)?
-42
What is the value of 21 + (1 - -2) + -8 + (5 + 20 - 30)?
11
Evaluate (5 - 5) + -37 + (3 - 2) - (-71 - -61).
-26
What is (-61 - (-196 + 91)) + -89?
-45
What is the value of -3 + (-12 - 4) + 30 - 24?
-13
Calculate -29 - -34 - (-17 - -2) - (30 - -3).
-13
What is (6 - (-18 - 24)) + (-8 - 0) - -3?
43
23 + (-11 - -20) + -22 + 35
45
Calculate (308 + -318 - (0 - -2)) + 21 + -1 + 27.
35
What is the value of -5 + 110 - 103 - (-2 - 1 - (-4 - -72))?
73
What is (8 - (11 - (2 + 7))) + 14 + -37?
-17
Evaluate 9 + (0 - (76 - -4) - 5) - -9.
-67
Calculate -47 - (6 + -6 + -30 + 20).
-37
Calculate -29 + -31 + (88 - (7 - 36)).
57
424 + -449 + -2 + 52
25
-31 - 1 - 41 - (0 + -18)
-55
What is (18 - 12 - -99) + (-8 - (9 + (-11 - -8)))?
91
Calculate -7 + 102 - (4 + -1) - (-529 - -520).
101
What is the value of (83 - (-4 + (9 - 0))) + (-8 - (19 - 20))?
71
Evaluate 0 + (38 - 38) + (24 - (3 + -4)).
25
What is -42 - (9 - ((12 - 1) + (-20 - -12))) - -3?
-45
What is the value of (37 + -17 + -75 - (2 - 15)) + -15?
-57
Evaluate -24 + -13 + (45 - 5).
3
Evaluate -60 + 147 - 133 - 50.
-96
(519 + -529 - (-20 + 3 + -7)) + 0 + -121
-107
Evaluate 28 + -60 + -11 + 22 + -76.
-97
Calculate -2 + 22 + -4 + 22 + (-48 